{"id":85,"date":"2015-09-28T11:22:20","date_gmt":"2015-09-28T11:22:20","guid":{"rendered":"https:\/\/santagorizia.wordpress.com\/?page_id=85"},"modified":"2016-06-09T13:11:07","modified_gmt":"2016-06-09T13:11:07","slug":"volkstanzgruppe-santa-gorizia","status":"publish","type":"page","link":"http:\/\/santagorizia.it\/?page_id=85","title":{"rendered":"Deutsch"},"content":{"rendered":"<p><strong>Volkstanzgruppe &#8220;Santa Gorizia&#8221;<\/strong><br \/>\nIn den Jahren vor dem ersten Weltkrieg versammelten sich einige jungen Bauern des G\u00f6rzers Stadtviertel San Rocco um bei besonderen Anl\u00e4ssen &#8211; wie z.B.<br \/>\nHochzeiten, Feste, Fasching \u2013 die traditionellen Trachten zu pr\u00e4sentieren und um das Brauchtum zu pflegen. Im Jahr 1928, ist das offizielle Gr\u00fcndungsjahr, begann die Gruppe sich an mehreren Trachtentreffen zu beteiligen. Beim Trachtentreffen in Venedig schneidete die Gruppe gl\u00e4nzend ab. Die Gruppe beteiligte sich bei verschiedenen Landfesten. Zum j\u00e4hrlich stattfindenden traditionellen Bauernball f\u00fchrte die Gruppe die alte G\u00f6rzer Hochzeitsfeier auf. In den folgenden Jahren nahm die Gruppe an der italienischen Hauptvolksveranstaltung teil und ist zu zahlreichen Festivals nach \u00d6sterreich, Kroatien, Frankreich, Deutschland, Irland, Israel, Jugoslawien, Holland, Polen, Portugal, Tschechische und Slowakische Republik, Slowenien, Spanien, Schweiz, T\u00fcrkei, Ungarn, Argentinien, Brasilien, Kanada und Vereinigten Staaten eingeladen worden, um dort Italien zu vertreten (pr\u00e4sentieren).<br \/>\nDas Programm der Gruppe stellt Trachten, T\u00e4nze, Musik, Lieder, Brauchtum und \u00dcberlieferungen unseres Landes und besonders von G\u00f6rz dar.<br \/>\nDazu geh\u00f6rt die alte G\u00f6rzer Hochzeitsfeier, welche noch heute im Alltagsleben sowohl als auch auf der B\u00fchne dem Publikum dargebracht wird.<br \/>\nDie Gruppe ist st\u00e4ndig damit besch\u00e4ftigt und auf der Suche nach \u00dcberlieferungen, die in zahlreichen Publikationen, Videos und auf CD\u2019s zusammengestellt werden.<\/p>\n","protected":false},"excerpt":{"rendered":"<p>Volkstanzgruppe &#8220;Santa Gorizia&#8221; In den Jahren vor dem ersten Weltkrieg versammelten sich einige jungen Bauern des G\u00f6rzers Stadtviertel San Rocco um bei besonderen Anl\u00e4ssen &#8211; wie z.B. Hochzeiten, Feste, Fasching \u2013 die traditionellen Trachten zu pr\u00e4sentieren und um das Brauchtum zu pflegen. Im Jahr 1928, ist das offizielle Gr\u00fcndungsjahr, begann die Gruppe sich an mehreren [&hellip;]<\/p>\n","protected":false},"author":1,"featured_media":0,"parent":362,"menu_order":3,"comment_status":"closed","ping_status":"closed","template":"","meta":{"jetpack_post_was_ever_published":false,"footnotes":""},"class_list":["post-85","page","type-page","status-publish","hentry"],"jetpack_sharing_enabled":true,"jetpack_shortlink":"https:\/\/wp.me\/P7CSoi-1n","jetpack-related-posts":[],"jetpack_likes_enabled":true,"_links":{"self":[{"href":"http:\/\/santagorizia.it\/index.php?rest_route=\/wp\/v2\/pages\/85","targetHints":{"allow":["GET"]}}],"collection":[{"href":"http:\/\/santagorizia.it\/index.php?rest_route=\/wp\/v2\/pages"}],"about":[{"href":"http:\/\/santagorizia.it\/index.php?rest_route=\/wp\/v2\/types\/page"}],"author":[{"embeddable":true,"href":"http:\/\/santagorizia.it\/index.php?rest_route=\/wp\/v2\/users\/1"}],"replies":[{"embeddable":true,"href":"http:\/\/santagorizia.it\/index.php?rest_route=%2Fwp%2Fv2%2Fcomments&post=85"}],"version-history":[{"count":2,"href":"http:\/\/santagorizia.it\/index.php?rest_route=\/wp\/v2\/pages\/85\/revisions"}],"predecessor-version":[{"id":439,"href":"http:\/\/santagorizia.it\/index.php?rest_route=\/wp\/v2\/pages\/85\/revisions\/439"}],"up":[{"embeddable":true,"href":"http:\/\/santagorizia.it\/index.php?rest_route=\/wp\/v2\/pages\/362"}],"wp:attachment":[{"href":"http:\/\/santagorizia.it\/index.php?rest_route=%2Fwp%2Fv2%2Fmedia&parent=85"}],"curies":[{"name":"wp","href":"https:\/\/api.w.org\/{rel}","templated":true}]}}

<p><strong>Volkstanzgruppe &#8220;Santa Gorizia&#8221;</strong><br />
In den Jahren vor dem ersten Weltkrieg versammelten sich einige jungen Bauern des Görzers Stadtviertel San Rocco um bei besonderen Anlässen &#8211; wie z.B.<br />
Hochzeiten, Feste, Fasching – die traditionellen Trachten zu präsentieren und um das Brauchtum zu pflegen. Im Jahr 1928, ist das offizielle Gründungsjahr, begann die Gruppe sich an mehreren Trachtentreffen zu beteiligen. Beim Trachtentreffen in Venedig schneidete die Gruppe glänzend ab. Die Gruppe beteiligte sich bei verschiedenen Landfesten. Zum jährlich stattfindenden traditionellen Bauernball führte die Gruppe die alte Görzer Hochzeitsfeier auf. In den folgenden Jahren nahm die Gruppe an der italienischen Hauptvolksveranstaltung teil und ist zu zahlreichen Festivals nach Österreich, Kroatien, Frankreich, Deutschland, Irland, Israel, Jugoslawien, Holland, Polen, Portugal, Tschechische und Slowakische Republik, Slowenien, Spanien, Schweiz, Türkei, Ungarn, Argentinien, Brasilien, Kanada und Vereinigten Staaten eingeladen worden, um dort Italien zu vertreten (präsentieren).<br />
Das Programm der Gruppe stellt Trachten, Tänze, Musik, Lieder, Brauchtum und Überlieferungen unseres Landes und besonders von Görz dar.<br />
Dazu gehört die alte Görzer Hochzeitsfeier, welche noch heute im Alltagsleben sowohl als auch auf der Bühne dem Publikum dargebracht wird.<br />
Die Gruppe ist ständig damit beschäftigt und auf der Suche nach Überlieferungen, die in zahlreichen Publikationen, Videos und auf CD’s zusammengestellt werden.</p>

<p>Volkstanzgruppe &#8220;Santa Gorizia&#8221; In den Jahren vor dem ersten Weltkrieg versammelten sich einige jungen Bauern des Görzers Stadtviertel San Rocco um bei besonderen Anlässen &#8211; wie z.B. Hochzeiten, Feste, Fasching – die traditionellen Trachten zu präsentieren und um das Brauchtum zu pflegen. Im Jahr 1928, ist das offizielle Gründungsjahr, begann die Gruppe sich an mehreren [&hellip;]</p>
